-4). Let p be (-6)/3 - (-1 - w). Suppose p = 3*r - 44 - 7. List the prime factors of r.
17
Suppose -26 = 4*q + 3*f, 0 = -3*q - 2*f - 0*f - 20. Suppose 4*z + 5 = 17. What are the prime factors of (-1 - q)*z/3?
7
Let i(v) = v - 5. Let b be i(11). Suppose 0 = -b*z + z. Suppose z = -0*k + k - 9. List the prime factors of k.
3
Suppose -5*j + 2028 = -18*j. Let t = j + 378. List the prime factors of t.
2, 3, 37
Suppose -674*h = -686*h + 52236. List the prime factors of h.
3, 1451
Suppose -10*v + 419 = -7*v - 2*i, -v + 4*i = -133. What are the prime factors of v?
3, 47
Suppose -13*n + 682 = 18*n. List the prime factors of n.
2, 11
Suppose 10*j = -4*b + 5*j + 12369, -b = 3*j - 3094. List the prime factors of b.
11, 281
Let z(l) = l**2 + l. Let s be z(-3). Let q be -1*s*(-8 - 3). Let b = -31 + q. List the prime factors of b.
5, 7
Let k = 1077 - -286. What are the prime factors of k?
29, 47
Let z be (-1395)/(-62)*3*2. Suppose s - 2*g = -8, -3*s - 4*g + 15 = -11. Suppose s*k = -k + z. What are the prime factors of k?
3, 5
Let b(x) = x**3 + 10*x**2 - 16*x - 4. Let a be 2/(-2)*(21 - 12). List the prime factors of b(a).
13, 17
What are the prime factors of ((-8)/(-16)*-3452)/(-2)?
863
What are the prime factors of (630/(-6))/((-5)/15)?
3, 5, 7
Let f(k) = k**3 + 5*k**2 + k + 7. Let v be f(-5). Suppose -w - h = -56, -v*w + h = -0*w - 106. What are the prime factors of w?
2, 3
Let c = 506 + 293. List the prime factors of c.
17, 47
Let r = 430 - -99. List the prime factors of r.
23
Suppose -31*n + 19040 = -17*n. What are the prime factors of n?
2, 5, 17
Let c = 7 + 1. Let x be 2/(c/12) - -5. Let a = x + 20. What are the prime factors of a?
2, 7
Let g = -4 - -6. Suppose g*t - 54 = t. What are the prime factors of t?
2, 3
What are the prime factors of 214/(8*(-4)/(-16))?
107
Let x = 99 - 163. Suppose -4*v - 5*l = 404, -v - 3*l + l - 104 = 0. Let i = x - v. What are the prime factors of i?
2
Let h(i) = 19*i**2 + 2*i + 21. Let s be h(-5). Suppose -5*k + w + 3*w + s = 0, 4*k - 5*w - 396 = 0. What are the prime factors of k?
2, 47
Let a(r) = -2*r**2 - 2*r + 512. List the prime factors of a(0).
2
Let n(b) = 19*b**2 - b - 3. Let q be n(2). Suppose -23 = -8*g - q. List the prime factors of (-195 - 6)*2/g.
67
Suppose -2*c = 3*v + 20, -3*v - 8 = -c - 0*c. Let p be (-8)/c*33/6. List the prime factors of (p/3 + -3)*9.
2, 3
Suppose 10*i - 5607 = i. What are the prime factors of i?
7, 89
Let c(s) = s**3 - 12*s**2 - 17*s - 31. Let h be c(13). Let l = h + 249. What are the prime factors of l?
2, 83
Let c(a) = -a**2 - 19*a + 26. Let k be c(-15). What are the prime factors of k + 20/5 - 2?
2, 11
Let i(d) be the second derivative of d**3 + 49*d**2/2 + 7*d. What are the prime factors of i(18)?
157
Suppose 0 = -4*v - 2*d + 1236, -v + 2*d = 4*v - 1554. What are the prime factors of v?
2, 5, 31
Let s be 254/8 - 8/(-32). What are the prime factors of 12 - 15 - s/(-1)?
29
Let v(i) = i**2 + 3*i + 1. Let h be v(-2). Let c = -152 + 166. Let f = c - h. List the prime factors of f.
3, 5
Suppose 16*u - 3*q = 17*u - 94, -5*q + 185 = 2*u. What are the prime factors of u?
5, 17
Let z(t) = 2 + 7 - 18*t + t. List the prime factors of z(-4).
7, 11
Let n(s) = -6*s**2 + 6*s + 3*s**3 + 2*s**3 - 6*s**3 + 4. Let o be n(-8). Suppose -6*k + g + o = -3*k, -4*k = -2*g - 112. What are the prime factors of k?
2, 7
Let x(t) be the third derivative of t**5/60 - t**4/3 + 11*t**3/6 + 27*t**2. List the prime factors of x(13).
2, 19
Let s = -5 - -8. Let x be (-8)/20 - (-34)/10. Suppose x*j - 190 = -5*f, -s*f + 0*j - 4*j = -125. What are the prime factors of f?
5, 7
Suppose -2*g - 25 = -111. Suppose -38*b = -g*b + 245. What are the prime factors of b?
7
Let s(o) = 21*o**2 - 6*o + 6. Let l = 57 - 55. List the prime factors of s(l).
2, 3, 13
Let d(o) = -259*o - 30. List the prime factors of d(-3).
3, 83
Let m be 4*(-1)/(-4) - -2. Let u(r) = 2*r + 8*r**2 - 8*r + r - r**m - 1. List the prime factors of u(5).
7
Let k(d) = -5*d - d**2 + 4*d - 19*d - 16. Let z be k(-13). Suppose 7*j - 2*j = z. List the prime factors of j.
3, 5
Let g(v) = 2*v**2 + 15*v - 2. Let p be g(13). Let b = p + -349. What are the prime factors of b?
2, 7, 13
Suppose 8*a = 610 + 3246. List the prime factors of a.
2, 241
Let d(h) = -h**3 + 7*h**2 - 7*h - 5. Let r be d(4). Suppose 3*p - r - 273 = 2*u, -4*p + 404 = 4*u. List the prime factors of p.
2, 7
Let p(t) = -t**2 + 38*t - 30. What are the prime factors of p(30)?
2, 3, 5, 7
Suppose v - 14 = -8*h + 4*h, 4*v = 4*h - 4. Suppose -44 = -v*s + 160. List the prime factors of s.
2, 3, 17
Let m = 89 - 57. Suppose -2*s = -4*u - m - 50, 2*s = -5*u + 73. List the prime factors of s.
3, 13
Let w(f) = -6*f**3 + 2*f**2 - 2*f - 1. Let n be w(-3). Suppose 5*v = v + 4*m + 132, -m = -5*v + n. What are the prime factors of v?
2, 19
Suppose -13*w = 4251 - 43303. What are the prime factors of w?
2, 751
Suppose 8*f - 11175 = 10073. List the prime factors of f.
2, 83
Suppose 17*s - 19*s = -8. Suppose -633 = x - s*x. List the prime factors of x.
211
Let g = -4561 + 9903. List the prime factors of g.
2, 2671
Suppose -350 = -8*p + 2834. List the prime factors of p.
2, 199
Suppose -4*d = 4*d - 4*d. Suppose 636 = 6*s - d*s. What are the prime factors of s?
2, 53
List the prime factors of 42/(-2)*(-1 - 3/9).
2, 7
Let s = 195 - 87. Let h be s/3 - 0/(-4). What are the prime factors of 316/h - (-4)/18?
3
Let s(l) = -17*l - 358. What are the prime factors of s(-33)?
7, 29
Suppose -3*d - 636 = -5*w - 4*d, 0 = -2*w - d + 252. Suppose -129*l = -w*l - 210. List the prime factors of l.
2, 3, 5, 7
Let v(l) = -l - 6. Let t be v(5). Let s = t + 14. Suppose 0 = s*x + 13 - 70. List the prime factors of x.
19
What are the prime factors of (-6)/10*-15*1*93?
3, 31
Let l be (-6)/9*(-387 + -3). Suppose 5*t + l = 10*t. What are the prime factors of t?
2, 13
Let s = -10 + 12. Let f(t) = -4*t + 3. Let m be f(s). List the prime factors of 49/2 + m/(-10).
5
Let t(m) = -5*m - 2. Let s be t(-1). Suppose 269 = s*v - 4*c, 0 = -3*v + 2*v - c + 78. What are the prime factors of v?
83
List the prime factors of (-7)/(1437/180 + -8).
2, 3, 5, 7
Let y(n) = 19 + 26*n**3 + 0*n - 18 - n. What are the prime factors of y(1)?
2, 13
Let p(t) = t**2 + 5*t + 3. Let g be p(-5). Suppose w = g*w - 16. Let z = w + -4. What are the prime factors of z?
2
Let v(d) = 7*d**2 - 19*d**2 + d**3 + 1 + 14*d**2 + 20*d**2 + 14*d. What are the prime factors of v(-21)?
2, 37
Suppose 3*m + 366 = 4374. What are the prime factors of m?
2, 167
Let g(c) = -c**2 + 6*c - 3. Let v be g(5). Let n = -564 + 622. Suppose 5*o - o - 3*w = 113, 2*o - v*w = n. List the prime factors of o.
2, 13
Suppose -5*b = 4*w - 149, 0*b = 3*w - 5*b - 103. List the prime factors of w.
2, 3
Suppose -t - 5*a = 19, -14 = -3*t + 4*a + 5. Suppose -2*w + 3 = -t. Suppose 14 = w*j - 8. What are the prime factors of j?
11
Let j = -727 + 1323. List the prime factors of j.
2, 149
Let p(w) = -47*w + 31. What are the prime factors of p(-3)?
2, 43
Suppose 0*j + 4*j - 20 = 0. Suppose 4*w = 5*g - 23, 4 = -2*w + 5*g - j. Let y(m) = -m**2 - 14*m - 3. List the prime factors of y(w).
2, 23
Suppose -54*q + 52*q + 4378 = 0. What are the prime factors of q?
11, 199
Let w = -279 + 522. What are the prime factors of w?
3
Let g be 14/35 - 34/10. List the prime factors of (-30)/g*(11/(-5) - -3).
2
Suppose 3*w + y - 1642 = -0*y, 2*y = 2*w - 1100. What are the prime factors of w?
2, 137
Let l = 13 + -4. Let q = 1 - l. Let z(r) = r**2 + 5*r - 4. What are the prime factors of z(q)?
2, 5
Suppose -8*u = -29 - 227. Let k = -6 + 11. Suppose k*h - 6*h + u = 0. List the prime factors of h.
2
Let s be ((-66)/15)/((-1)/(-5)). Let u = -23 + 59. Let o = u + s. What are the prime factors of o?
2, 7
Let z(m) = -m - 7. Let s be z(-7). Let i = 30 - s. List the prime factors of i.
2, 3, 5
Suppose 0 = 19*s - 23842 - 9313. List the prime factors of s.
5, 349
Suppose 3*k - 3*d + 11 = -4*d, 4*k + d = -15. Let i be (0 + 52)*k/(-8). Let h = -22 + i. List the prime factors of h.
2
Let m = 5 - 4. Suppose -5*k = -s + 2 - m, -3*s - k - 45 = 0. Let v = -5 - s. What are the prime factors of v?
3
Suppose -20*o + 9*o = -6930. What are the prime factors of o?
2, 3, 5, 7
Let a = -9 - -7. List the prime factors of 3 - (-2)/(a/(-59)).
2, 31
Let u = 60 + -49. List the prime fa